What is the tens digit of 873?
7
What is the tens digit of 10142?
4
What is the tens digit of 813?
1
What is the tens digit of 163478?
7
What is the thousands digit of 85093?
5
What is the ten thousands digit of 32562?
3
What is the ten thousands digit of 70640?
7
What is the hundreds digit of 894?
8
What is the thousands digit of 87493?
7
What is the units digit of 11283?
3
What is the units digit of 38074?
4
What is the hundreds digit of 1908?
9
What is the tens digit of 1269?
6
What is the units digit of 2060?
0
What is the ten thousands digit of 17996?
1
What is the units digit of 5787?
7
What is the hundreds digit of 74885?
8
What is the tens digit of 3007?
0
What is the thousands digit of 42977?
2
What is the thousands digit of 1118?
1
What is the units digit of 81810?
0
What is the units digit of 11000?
0
What is the hundreds digit of 57234?
2
What is the thousands digit of 15865?
5
What is the units digit of 2838?
8
What is the units digit of 19706?
6
What is the thousands digit of 2884?
2
What is the thousands digit of 25379?
5
What is the hundreds digit of 2737?
7
What is the units digit of 28438?
8
What is the thousands digit of 1260?
1
What is the hundreds digit of 4550?
5
What is the hundreds digit of 239?
2
What is the thousands digit of 4908?
4
What is the tens digit of 840?
4
What is the hundreds digit of 562?
5
What is the hundreds digit of 90242?
2
What is the thousands digit of 4108?
4
What is the tens digit of 494?
9
What is the units digit of 709?
9
What is the units digit of 4227?
7
What is the thousands digit of 4347?
4
What is the hundreds digit of 3996?
9
What is the units digit of 2032?
2
What is the hundreds digit of 32422?
4
What is the hundreds digit of 25672?
6
What is the hundreds digit of 30622?
6
What is the thousands digit of 6716?
6
What is the tens digit of 42316?
1
What is the thousands digit of 99393?
9
What is the hundreds digit of 27026?
0
What is the thousands digit of 85414?
5
What is the tens digit of 1135?
3
What is the tens digit of 3465?
6
What is the units digit of 53502?
2
What is the tens digit of 50706?
0
What is the thousands digit of 3128?
3
What is the tens digit of 412?
1
What is the tens digit of 14646?
4
What is the units digit of 5618?
8
What is the units digit of 36539?
9
What is the hundreds digit of 24400?
4
What is the units digit of 700?
0
What is the ten thousands digit of 151777?
5
What is the hundreds digit of 2315?
3
What is the hundreds digit of 35287?
2
What is the tens digit of 569?
6
What is the units digit of 130302?
2
What is the hundreds digit of 10312?
3
What is the tens digit of 44886?
8
What is the tens digit of 1175?
7
What is the units digit of 11522?
2
What is the units digit of 1616?
6
What is the thousands digit of 12788?
2
What is the thousands digit of 3778?
3
What is the ten thousands digit of 87818?
8
What is the ten thousands digit of 32096?
3
What is the units digit of 504?
4
What is the thousands digit of 2041?
2
What is the thousands digit of 56894?
6
What is the units digit of 2901?
1
What is the units digit of 37601?
1
What is the ten thousands digit of 61151?
6
What is the units digit of 1292?
2
What is the hundreds digit of 50901?
9
What is the hundreds digit of 45447?
4
What is the units digit of 449?
9
What is the hundreds digit of 6040?
0
What is the tens digit of 2373?
7
What is the hundreds digit of 3936?
9
What is the tens digit of 10348?
4
What is the hundreds digit of 858?
8
What is the tens digit of 476?
7
What is the thousands digit of 2558?
2
What is the units digit of 4886?
6
What is the units digit of 11460?
0
What is the units digit of 733?
3
What is the units digit of 557?
7
What is the units digit of 3112?
2
What is the units digit of 1125?
5
What is the tens digit of 1138?
3
What is the hundred thousands digit of 123277?
1
What is the units digit of 31096?
6
What is the units digit of 7841?
1
What is the units digit of 14614?
4
What is the tens digit of 16066?
6
What is the thousands digit of 62349?
2
What is the ten thousands digit of 33392?
3
What is the hundreds digit of 1416?
4
What is the tens digit of 574?
7
What is the tens digit of 995?
9
What is the tens digit of 12236?
3
What is the units digit of 29781?
1
What is the ten thousands digit of 24739?
2
What is the hundreds digit of 107418?
4
What is the tens digit of 34555?
5
What is the units digit of 59010?
0
What is the tens digit of 12555?
5
What is the ten thousands digit of 25960?
2
What is the thousands digit of 30147?
0
What is the units digit of 37308?
8
What is the units digit of 2272?
2
What is the tens digit of 1496?
9
What is the ten thousands digit of 17292?
1
What is the thousands digit of 2304?
2
What is the hundreds digit of 2076?
0
What is the ten thousands digit of 25983?
2
What is the ten thousands digit of 64194?
6
What is the thousands digit of 3104?
3
What is the hundreds digit of 2711?
7
What is the thousands digit of 28756?
8
What is the tens digit of 982?
8
What is the tens digit of 1883?
8
What is the tens digit of 6023?
2
What is the units digit of 863?
3
What is the tens digit of 17003?
0
What is the thousands digit of 1569?
1
What is the tens digit of 78045?
4
What is the tens digit of 5737?
3
What is the hundreds digit of 2219?
2
What is the thousands digit of 2303?
2
What is the thousands digit of 3366?
3
What is the thousands digit of 1150?
1
What is the tens digit of 19989?
8
What is the hundreds digit of 361?
3
What is the tens digit of 14344?
4
What is the units digit of 35515?
5
What is the units digit of 1251?
1
What is the tens digit of 593?
9
What is the thousands digit of 7770?
7
What is the units digit of 65488?
8
What is the thousands digit of 6207?
6
What is the units digit of 7325?
5
What is the tens digit of 17055?
5
What is the hundreds digit of 4207?
2
What is the tens digit of 9246?
4
What is the units digit of 31?
1
What is the tens digit of 65730?
3
What is the tens digit of 7152?
5
What is the hundreds digit of 15459?
4
What is the tens digit of 5002?
0
What is the thousands digit of 4024?
4
What is the units digit of 2392?
2
What is the units digit of 1190?
0
What is the units digit of 3127?
7
What is the tens digit of 34?
3
What is the hundred thousands digit of 107037?
1
What is the units digit of 97?
7
What is the hundreds digit of 11083?
0
What is the units digit of 27196?
6
What is the tens digit of 361?
6
What is the hundreds digit of 1336?
3
What is the thousands digit of 2482?
2
What is the tens digit of 1094?
9
What is the ten thousands digit of 44651?
4
What is the tens digit of 61450?
5
What is the tens digit of 21458?
5
What is the tens digit of 4659?
5
What is the units digit of 5414?
4
What is the tens digit of 3678?
7
What is the hundreds digit of 18238?
2
What is the ten thousands digit of 40661?
4
What is the tens digit of 817?
1
What is the thousands digit of 2697?
2
What is the ten thousands digit of 10594?
1
What is the hundreds digit of 390?
3
What is the units digit of 199?
9
What is the tens digit of 43198?
9
What is the units digit of 39413?
3
What is the units digit of 401?
1
What is the hundreds digit of 19492?
4
What is the thousands digit of 3410?
3
What is the ten thousands digit of 54822?
5
What is the tens digit of 841?
4
What is the thousands digit of 5194?
5
What is the hundreds digit of 843?
8
What is the tens digit of 438?
3
What is the thousands digit of 5414?
5
What is the thousands digit of 5876?
5
What is the tens digit of 24988?
8
What is the tens digit of 22909?
0
What is the units digit of 15728?
8
What is the hundreds digit of 3552?
5
What is the units digit of 17160?
0
What is the tens digit of 66300?
0
What is the tens digit of 2691?
9
What is the tens digit of 593?
9
What is the tens digit of 1407?
0
What is the thousands digit of 161671?
1
What is the hundreds digit of 14083?
0
What is the thousands digit of 1623?
1
What is the hundreds digit of 576?
5
What is the units digit of 9548?
8
What is the hundreds digit of 1212?
2
What is the hundreds digit of 7840?
8
What is the hundreds digit of 389?
3
What is the thousands digit of 1649?
1
What is the units digit of 51?
1
What is the hundreds digit of 1446?
4
What is the hundreds digit of 11140?
1
What is the units digit of 20315